3 = t - 3*g, -2*t - 2*g = 0. Suppose 0 = 2*z + x - 1032, -t*z + z = 4*x - 1026. What are the prime factors of z?
11, 47
Let p(c) = -277*c + 1427. List the prime factors of p(-35).
2, 67, 83
Let g(s) = s - 8. Let o be g(4). Let c be o - (-5)/((-5)/218). Let n = -108 - c. List the prime factors of n.
2, 3, 19
Let x(u) = -7*u**2 + 16*u + 9275. List the prime factors of x(0).
5, 7, 53
Suppose -b = -10*q + 8*q + 4, 4*b = 3*q - 6. Suppose 0 = -q*u - 2*t + 432, -1 = 2*t - 3. What are the prime factors of u?
5, 43
Let c = -6600 + 16844. What are the prime factors of c?
2, 13, 197
Let v(h) = -9*h - 183. Let s be v(-7). What are the prime factors of s/4*(55 - 3)/(-2)?
2, 3, 5, 13
Let r(f) be the first derivative of -35*f**2/2 - 2*f - 19. Let c be r(-1). Suppose 4*w = -5*u + 241 - 24, 0 = -w + 3*u + c. List the prime factors of w.
2, 3
Suppose h - 5*m + 4 = -2*m, h + 3*m = 14. Suppose 4*z - h*g = -17, -3*g = -5*z - 0 - 5. List the prime factors of 1 + 57 + (z - 4).
2, 7
Let i(o) = o**2 + o - 13. Let t be i(-4). Let h be (2 - 3)*5/t. Suppose -4*l - 218 = -h*k, 3 = -2*l - 1. What are the prime factors of k?
2, 3, 7
Let s(m) be the third derivative of -m**6/720 + m**5/4 + 11*m**4/8 + 30*m**2. Let f(b) be the second derivative of s(b). List the prime factors of f(19).
11
Let m = 5945 + 2231. What are the prime factors of m?
2, 7, 73
Suppose -l + 3*j - 40 = -0, 3*l - 5*j = -104. List the prime factors of ((-72)/l)/((-3)/(-189)).
2, 3
Let r(b) = 13*b**2 - 56*b + 1618. What are the prime factors of r(17)?
4423
What are the prime factors of (2 + 888)*(-50940)/(-1800)?
89, 283
Suppose 62*a - 60*a = 0, -5*g = -5*a - 8625. Suppose 4*x + 3*c - 3609 = 0, 4*x - g - 1872 = c. List the prime factors of x.
2, 3, 5
Let j(z) = 16*z**2 - 367*z - 1234. List the prime factors of j(65).
7, 6073
Let n be (0 - 62)*7/(-14). Let l be (-5)/(32/n - 1). Let q = -15 - l. What are the prime factors of q?
2, 5, 7
Let q(v) = 2618*v - 8982. List the prime factors of q(15).
2, 3, 631
Let h(q) = -q**3 + 14*q**2 + 16*q - 13. Let r be h(15). Suppose -9*p + 4*p + 2160 = -j, -j + 871 = r*p. List the prime factors of p.
433
Suppose -2*a + 3*x - 27 = 0, 40 = 4*a - 9*a + 2*x. Let j = -94 - a. Let u = 221 + j. What are the prime factors of u?
7, 19
What are the prime factors of (237 - 9/(-3))*(-624)/(-30)?
2, 3, 13
Let o = 17443 + 19213. List the prime factors of o.
2, 29, 79
Let j = 140 - 97. Let x = 2954 + -2830. Suppose x = v + j. What are the prime factors of v?
3
Suppose -12*a + 23 = -9*a + k, 36 = 5*a + 4*k. List the prime factors of a/(-36) - 1073/(-9).
7, 17
Let t(b) be the second derivative of -3*b**5/20 + b**4/6 + b**3/6 - 11*b. Let m be t(-3). Suppose m = 6*c - 18. What are the prime factors of c?
19
Let i = 18242 + 4587. List the prime factors of i.
37, 617
Suppose -2*y + 4 = 3*s, 4*y = 5*s - 30 - 6. Suppose 5*k + 2*w = 3*w + 2492, -s*k + 4*w + 1984 = 0. List the prime factors of k.
499
Let k(h) = 4*h**2 - 49*h + 15. Let u be k(12). Suppose -5184 = u*l - 12*l. What are the prime factors of l?
2, 3
Suppose 189*j - 129 = 188*j. Let u = 254 - j. List the prime factors of u.
5
Let u be (-5)/3 + 10203/9. Let m = u - 379. List the prime factors of m.
3, 251
Suppose -765 = -3*w + k, 2*w - k + 251 = 3*w. Suppose w*r = 249*r + 1665. List the prime factors of r.
3, 37
What are the prime factors of -35*(-1 - 25578/90)?
2, 7, 23, 31
Let d be (20 + -10 + -12)*(1 - -3). What are the prime factors of 4*199 + d + 16?
2, 3, 67
Suppose 4*l = 4*y + 60, 2*y - 1 = 1. Suppose 2*a + l - 86 = 0. Suppose -a*r + 810 = -26*r. What are the prime factors of r?
2, 3, 5
Let l(j) = -j**2 - 3*j + 6. Let k be l(-4). Suppose 3*q = -5*y - 42, -k*q + q = y + 16. Let r(c) = -7*c - 2. List the prime factors of r(q).
131
Suppose -6*b - 2 = -4*b, 4*j - 2219 = 3*b. Suppose -j = 28*p - 30*p. What are the prime factors of p?
277
What are the prime factors of (-131194)/(-154) + 1/11?
2, 3, 71
Let t = -14394 + 31719. Suppose 12*y + 13*y = t. What are the prime factors of y?
3, 7, 11
Let d = 102 + -102. Suppose d = 3*t - 6*t. Suppose -2*w + 631 = 3*y - 0*y, -4*y - 5*w + 853 = t. What are the prime factors of y?
3, 23
Suppose -62 + 72 = 2*n. Suppose 3*f = -b - 17, n*b + 2*f = -2*f - 74. Let v = b + 97. What are the prime factors of v?
83
Let f(v) = -286*v - 2230. List the prime factors of f(-41).
2, 1187
Let h be (-225)/10*2*(-4)/(-12). What are the prime factors of 12344/20 - ((-21)/h)/7?
617
Suppose 121 = g - 2*b, 3*g + 5*b - 2*b - 381 = 0. List the prime factors of (g/(-3))/((-10)/90).
3, 5
Let s be (16/12)/((-14)/(-21)). Suppose 347 = -s*y + 5*j + 970, -y + 3*j + 310 = 0. What are the prime factors of y?
11, 29
Suppose -4176 = -3*h - 780. Suppose -q - 3*q + h = 0. Let f = q - 93. List the prime factors of f.
2, 5, 19
List the prime factors of (-486)/(-324)*110560/6.
2, 5, 691
Suppose 3*q - 46 = -5*i + 26, 3*i = 2*q - 86. List the prime factors of q.
2, 17
What are the prime factors of (144/(-27) - -7) + 92197/21?
2, 3, 61
Let r(b) = -4*b**2 - 84*b + 31634. What are the prime factors of r(0)?
2, 15817
Suppose 120 = 5*y - 5*f, 0 = -4*y + 140*f - 138*f + 100. Suppose 20*v + 2400 = y*v. List the prime factors of v.
2, 5
Let f(x) = 9*x - 8. Let b be f(6). Let i = -42 + b. Suppose -n = -i*g - 56, 4*n - g - 2*g - 263 = 0. List the prime factors of n.
2, 17
Suppose -2*g - 9*v + 3276 = -13*v, g - 5*v = 1623. What are the prime factors of g?
2, 103
Suppose -2*a - 3*v = -14, 0*a + 5*v = -a + 21. Let o be a + (-4 - 0)/(-1). Suppose 5*g + o*s - s = 603, -2*g = -4*s - 258. What are the prime factors of g?
3, 41
Let j = -2653 - -3954. List the prime factors of j*(-1 - (7 - 9)).
1301
Let n(m) be the third derivative of 25*m**4/24 + 19*m**3/2 + 8*m**2 + 3. What are the prime factors of n(8)?
257
Let y = -429 - -427. Let m(g) = -79*g - 24. What are the prime factors of m(y)?
2, 67
Let q be 6*3/12*2. Suppose -960 = -q*k + k. Suppose 6*g - 1212 = -k. List the prime factors of g.
2, 61
Suppose -x - 2895 = 4*x. Let b = x - -1035. List the prime factors of b.
2, 3, 19
What are the prime factors of -3 + 9 + (3335 - -12)?
7, 479
Let x be 4*(2 + 9/(-12)). Suppose -x*g = 1 - 21. List the prime factors of g/(-30) - 767/(-15).
3, 17
Let f = 13159 - 99. What are the prime factors of f?
2, 5, 653
Let n = -19486 - -63719. List the prime factors of n.
7, 71, 89
Suppose f - 5*k - 5 = 0, -f - k = -3*k - 8. Let w be (f/20)/(1/(-12)). List the prime factors of 4/w*441/(-6).
7
Let s = 4 - -10. Let n(d) = s - 27 - d**2 + 13*d + 14. What are the prime factors of n(11)?
23
Suppose 9*p - 121060 - 57734 = 0. List the prime factors of p/27 + (-22)/(-99).
2, 23
Suppose 5*j - 539 = -2*a, 22 = j - 5*a - 75. Suppose -106*n + j*n = -96. Let f = n - -184. What are the prime factors of f?
2, 11
Let i(t) = -t**3 - 18*t**2 - 18*t - 12. Let z be i(-17). Suppose 4*a - 33 = -z. Let d = a + 12. List the prime factors of d.
19
Let b = -300 + 54. List the prime factors of (b - -29)*(-1)/((-2)/(-14)).
7, 31
Let l = -17592 - -21898. List the prime factors of l.
2, 2153
Let a = 15 - 11. Suppose 272 = a*v - 376. Suppose -3*o - 2*i + 44 = -209, 2*o - 2*i - v = 0. List the prime factors of o.
83
Let r(i) = 255*i - 6 - 23 - 268*i - 11*i**2 - 2*i**3. What are the prime factors of r(-9)?
5, 131
Let q(m) = 13*m**3 - 9*m**2 + 6*m + 102. What are the prime factors of q(8)?
2, 5, 7, 89
Let s(i) = 2*i + 112 - 69 - 41 + 146*i**2. Let t = -4 - -3. What are the prime factors of s(t)?
2, 73
Suppose 6*q + 12 = 9*q. Suppose 0 = q*k + 13*k - 8721. What are the prime factors of k?
3, 19
Let h(u) = 14*u - 141. Let c be h(-17). Let d = 510 - c. What are the prime factors of d?
7, 127
Let x(p) = -3*p**3 - 75*p**2 - 78*p + 10. List the prime factors of x(-26).
2, 19, 107
Suppose -3*v + 480 = -321. Let u be ((-3)/7)/((-3)/4) - 1180/(-140). Suppose v + 354 = u*c. What are the prime factors of c?
3, 23
Let b(h) = 0*h**2 + 3*h**2 + 37 - 41 - h**3. Let m be b(4). What are the prime factors of 2/8 + 5/m*-7?
2
Suppose -31*m - 49849 + 290253 + 358423 = 0. What are the prime factors of m?
3, 47, 137
Let w(y) = 3*y**2 + 32*y - 16. Let i be 84/9 + (5/(-15) - -1). Let p be -14 - (-6)/(-15)*i/4. What are the prime factors of w(p)?
179
Let n = 20 + 24. Suppose -40*m - 584 = -n*m. What are the prime factors of m?
2, 73
Sup